rime factors of 715915729.
43, 16649203
What are the prime factors of 1016333000?
2, 5, 883, 1151
List the prime factors of 288054864.
2, 3, 2000381
List the prime factors of 34366309.
34366309
What are the prime factors of 8118693595?
5, 1249, 1300031
What are the prime factors of 10411461?
3, 43, 26903
List the prime factors of 3391911590.
2, 5, 7283, 46573
List the prime factors of 241453776.
2, 3, 5030287
List the prime factors of 25973535.
3, 5, 7, 17, 14551
List the prime factors of 52661829.
3, 11, 1595813
What are the prime factors of 4886321882?
2, 13, 29, 6480533
List the prime factors of 16731574.
2, 59, 141793
List the prime factors of 477728444.
2, 119432111
What are the prime factors of 305149511?
41, 61, 122011
What are the prime factors of 30147083?
30147083
What are the prime factors of 8853105?
3, 5, 590207
List the prime factors of 86473837.
3433, 25189
What are the prime factors of 64012144?
2, 7, 521, 1097
List the prime factors of 1717733652.
2, 3, 17, 8420263
What are the prime factors of 63731037?
3, 97, 389, 563
List the prime factors of 496014598.
2, 53, 4679383
What are the prime factors of 25963857?
3, 61, 47293
List the prime factors of 26013130.
2, 5, 11, 13, 18191
What are the prime factors of 280028210?
2, 5, 7, 11, 37, 9829
List the prime factors of 1292608595.
5, 43, 541, 11113
What are the prime factors of 533947084?
2, 11, 17, 713833
What are the prime factors of 13744859?
859, 16001
List the prime factors of 2715638152.
2, 23, 193, 76471
What are the prime factors of 7194706?
2, 17, 61, 3469
List the prime factors of 106376837.
7, 17, 41, 21803
What are the prime factors of 74433695?
5, 7, 149, 2039
List the prime factors of 4203672612.
2, 3, 29, 397, 30427
List the prime factors of 3343076070.
2, 3, 5, 111435869
List the prime factors of 83582761.
17, 4916633
List the prime factors of 1140333343.
71, 139, 115547
What are the prime factors of 4468317883?
29, 41, 137, 27431
List the prime factors of 398183719.
233, 1708943
What are the prime factors of 1419977337?
3, 61, 7759439
What are the prime factors of 35220286?
2, 59, 298477
List the prime factors of 289718071.
289718071
What are the prime factors of 1604086272?
2, 3, 17, 20477
List the prime factors of 743407346.
2, 11, 71, 475933
List the prime factors of 7581090599.
59, 257, 499973
List the prime factors of 482716979.
1879, 256901
List the prime factors of 250343019.
3, 421, 66071
List the prime factors of 1329675.
3, 5, 17729
List the prime factors of 114912843.
3, 17, 2253193
List the prime factors of 223046684.
2, 7, 53, 150301
List the prime factors of 371833828.
2, 2617, 35521
List the prime factors of 8186272933.
8186272933
What are the prime factors of 67902221?
67902221
What are the prime factors of 702324234?
2, 3, 39018013
What are the prime factors of 1824445979?
67, 107, 254491
List the prime factors of 1370882724.
2, 3, 41, 2786347
What are the prime factors of 233552095?
5, 7, 6672917
What are the prime factors of 153220952?
2, 19152619
What are the prime factors of 3252498955?
5, 61, 10663931
List the prime factors of 372765233.
307, 1214219
What are the prime factors of 46168520?
2, 5, 191, 6043
What are the prime factors of 388657961?
17, 22862233
List the prime factors of 44411898.
2, 3, 47, 157489
List the prime factors of 2622881470.
2, 5, 11, 127, 187751
What are the prime factors of 46802728?
2, 7, 173, 4831
List the prime factors of 11442429.
3, 43, 29567
List the prime factors of 534473.
534473
List the prime factors of 107295006.
2, 3, 7, 13, 67, 419
What are the prime factors of 675673564?
2, 809, 208799
What are the prime factors of 18031783?
7, 11, 61, 349
What are the prime factors of 30700748?
2, 13, 590399
List the prime factors of 66352145.
5, 29, 41, 11161
What are the prime factors of 1172949806?
2, 7, 83782129
What are the prime factors of 74513042?
2, 37, 1006933
List the prime factors of 4327528990.
2, 5, 193, 1187, 1889
What are the prime factors of 54542188?
2, 17, 431, 1861
What are the prime factors of 375893078?
2, 11, 3863, 4423
List the prime factors of 43396879.
43396879
List the prime factors of 32133981.
3, 11, 973757
What are the prime factors of 139340025?
3, 5, 11, 56299
List the prime factors of 26097985.
5, 23, 229, 991
What are the prime factors of 7130928297?
3, 2376976099
List the prime factors of 1224076208.
2, 1741, 43943
List the prime factors of 67176032.
2, 7, 11, 137, 199
What are the prime factors of 3440048125?
5, 5504077
List the prime factors of 166089574.
2, 7, 11863541
List the prime factors of 471898713.
3, 11, 13, 1099997
What are the prime factors of 12461276?
2, 3115319
What are the prime factors of 2744530?
2, 5, 274453
List the prime factors of 896074875.
3, 5, 193, 4127
List the prime factors of 114290413.
114290413
List the prime factors of 256634855.
5, 197, 260543
What are the prime factors of 1367548460?
2, 5, 79, 865537
List the prime factors of 5701674754.
2, 1063, 2681879
What are the prime factors of 3080472693?
3, 3943, 260417
List the prime factors of 2179552712.
2, 31, 797, 11027
List the prime factors of 522086318.
2, 13, 20080243
List the prime factors of 86611394.
2, 43305697
What are the prime factors of 1107399255?
3, 5, 73826617
What are the prime factors of 582218122?
2, 41, 7100221
What are the prime factors of 1892088511?
1892088511
What are the prime factors of 1021036959?
3, 29, 929, 4211
What are the prime factors of 37011536?
2, 557, 4153
List the prime factors of 241412953.
241412953
What are the prime factors of 86725901?
193, 197, 2281
What are the prime factors of 27766398?
2, 3, 11, 29, 89, 163
What are the prime factors of 173320782?
2, 3, 733, 39409
What are the prime factors of 735482043?
3, 157, 227, 2293
List the prime factors of 3015339084.
2, 3, 383, 571
What are the prime factors of 408212516?
2, 102053129
List the prime factors of 1540499.
1540499
List the prime factors of 13204600.
2, 5, 103, 641
List the prime factors of 714896340.
2, 3, 5, 347, 34337
What are the prime factors of 2122596?
2, 3, 7, 8423
What are the prime factors of 1754776206?
2, 3, 83, 1174549
List the prime factors of 110843327.
7, 15834761
What are the prime factors of 1052070865?
5, 41, 5132053
What are the prime factors of 91416915?
3, 5, 2031487
What are the prime factors of 10596149?
421, 25169
What are the prime factors of 176071204?
2, 44017801
What are the prime factors of 55609898?
2, 71, 391619
What are the prime factors of 138637351?
8647, 16033
What are the prime factors of 104003143?
71, 181, 8093
List the prime factors of 48163490.
2, 5, 29, 166081
What are the prime factors of 2501785593?
3, 277976177
What are the prime factors of 64649024?
2, 11, 131, 701
What are the prime factors of 38361941?
421, 91121
List the prime factors of 360750978.
2, 3, 7, 109, 26267
What are the prime factors of 1447485661?
751, 1927411
What are the prime factors of 21452038?
2, 10726019
List the prime factors of 4146598548.
2, 3, 5503, 6977
What are the prime factors of 463601710?
2, 5, 11, 13, 19, 113, 151
What are the prime factors of 5253058869?
3, 29, 60379987
What are the prime factors of 684892145?
5, 7, 19, 31, 33223
List the prime factors of 53036858.
2, 7, 71, 229, 233
List the prime factors of 128557587.
3, 17, 911, 2767
What are the prime factors of 3737602937?
1217, 3071161
What are the prime factors of 1551283104?
2, 3, 7, 149, 15493
What are the prime factors of 7314892511?
59, 73, 97, 17509
List the prime factors of 2061813021.
3, 79, 8699633
What are the prime factors of 146423711?
7, 787, 3797
What are the prime factors of 198002111?
17, 29, 401627
List the prime factors of 624588500.
2, 5, 17, 197, 373
What are the prime factors of 246025533?
3, 13, 6308347
What are the prime factors of 543276535?
5, 67, 1621721
What are the prime factors of 1623410505?
3, 5, 4008421
What are the prime factors of 46128698?
2, 7, 11, 6113
List the prime factors of 672699762.
2, 3, 7, 599, 2971
What are the prime factors of 342136949?
7, 11, 1627, 2731
List the prime factors of 2505339478.
2, 1252669739
What are the prime factors of 928056072?
2, 3, 23, 1681261
What are the prime factors of 2054067964?
2, 13, 401, 98507
What are the prime factors of 2727045845?
5, 545